2, 1867609
What are the prime factors of 574369?
41, 14009
What are the prime factors of 1763120?
2, 5, 22039
What are the prime factors of 2215397?
29, 79, 967
List the prime factors of 21283603.
11, 823, 2351
What are the prime factors of 1190471?
197, 6043
List the prime factors of 5382398.
2, 7, 41, 9377
List the prime factors of 17062053.
3, 103, 55217
List the prime factors of 62885.
5, 12577
List the prime factors of 1160386.
2, 17, 34129
What are the prime factors of 8875785?
3, 5, 17, 34807
List the prime factors of 742322.
2, 7, 17, 3119
List the prime factors of 7630528.
2, 119227
List the prime factors of 7311215.
5, 337, 4339
What are the prime factors of 17441892?
2, 3, 13, 41, 101
List the prime factors of 617224.
2, 77153
List the prime factors of 16075579.
13, 1236583
What are the prime factors of 480926?
2, 37, 67, 97
What are the prime factors of 369473?
13, 97, 293
What are the prime factors of 2362233?
3, 457, 1723
What are the prime factors of 274457?
274457
What are the prime factors of 524594?
2, 7, 53, 101
What are the prime factors of 85866?
2, 3, 11, 1301
List the prime factors of 2839035.
3, 5, 47, 4027
List the prime factors of 2908550.
2, 5, 58171
List the prime factors of 1310709.
3, 359, 1217
List the prime factors of 3155316.
2, 3, 29, 9067
What are the prime factors of 125864?
2, 15733
What are the prime factors of 4327708?
2, 7, 11, 14051
What are the prime factors of 1434101?
19, 75479
List the prime factors of 132382.
2, 66191
List the prime factors of 2980593.
3, 7, 11, 17, 23
List the prime factors of 423050.
2, 5, 8461
What are the prime factors of 316302?
2, 3, 7, 17, 443
List the prime factors of 3813090.
2, 3, 5, 127103
List the prime factors of 4049799.
3, 13, 103841
What are the prime factors of 3629269?
7, 518467
What are the prime factors of 2045187?
3, 113, 2011
List the prime factors of 49698.
2, 3, 11, 251
List the prime factors of 17113404.
2, 3, 7, 11, 18521
What are the prime factors of 20634799?
20634799
What are the prime factors of 263128?
2, 31, 1061
What are the prime factors of 9992543?
11, 269, 307
List the prime factors of 2346345.
3, 5, 23, 2267
List the prime factors of 5142857.
17, 353, 857
What are the prime factors of 665108?
2, 17, 9781
What are the prime factors of 24836?
2, 7, 887
List the prime factors of 311677.
311677
List the prime factors of 1357478.
2, 678739
List the prime factors of 33896.
2, 19, 223
List the prime factors of 272848.
2, 17053
What are the prime factors of 885176?
2, 110647
What are the prime factors of 2160396?
2, 3, 7, 8573
What are the prime factors of 203831?
317, 643
List the prime factors of 2075056.
2, 53, 2447
List the prime factors of 280089.
3, 31121
What are the prime factors of 438844?
2, 7, 2239
List the prime factors of 849367.
23, 36929
List the prime factors of 1874115.
3, 5, 41647
List the prime factors of 1018054.
2, 509027
What are the prime factors of 2390511?
3, 577, 1381
What are the prime factors of 114959?
13, 37, 239
What are the prime factors of 9346954?
2, 4673477
List the prime factors of 1934081.
199, 9719
List the prime factors of 223824.
2, 3, 4663
List the prime factors of 6004235.
5, 31, 38737
What are the prime factors of 1165360?
2, 5, 7, 2081
What are the prime factors of 171282?
2, 3, 28547
List the prime factors of 18059290.
2, 5, 947, 1907
List the prime factors of 1284522.
2, 3, 214087
List the prime factors of 169766.
2, 29, 2927
List the prime factors of 8953797.
3, 2984599
List the prime factors of 3947717.
421, 9377
List the prime factors of 4597236.
2, 3, 7, 2027
What are the prime factors of 15341551?
29, 613, 863
What are the prime factors of 5397?
3, 7, 257
List the prime factors of 3688100.
2, 5, 13, 2837
List the prime factors of 172101.
3, 57367
What are the prime factors of 4602518?
2, 2301259
What are the prime factors of 565141?
491, 1151
List the prime factors of 2226507.
3, 17, 149, 293
What are the prime factors of 3547373?
17, 71, 2939
List the prime factors of 6007980.
2, 3, 5, 11, 9103
What are the prime factors of 499410?
2, 3, 5, 31, 179
List the prime factors of 4962096.
2, 3, 17, 2027
What are the prime factors of 1238081?
13, 131, 727
List the prime factors of 10577477.
3023, 3499
List the prime factors of 3140201.
131, 23971
List the prime factors of 3030838.
2, 1515419
List the prime factors of 27732.
2, 3, 2311
List the prime factors of 15847510.
2, 5, 7, 31, 67, 109
What are the prime factors of 7120118?
2, 3560059
List the prime factors of 27334.
2, 79, 173
List the prime factors of 5340363.
3, 7, 17, 2137
What are the prime factors of 668770?
2, 5, 66877
List the prime factors of 223291.
223291
List the prime factors of 11511401.
11, 43, 24337
List the prime factors of 15179645.
5, 13, 43, 5431
List the prime factors of 475741.
7, 19, 73
List the prime factors of 216603.
3, 41, 587
List the prime factors of 18873407.
7, 41, 65761
List the prime factors of 21823017.
3, 7274339
What are the prime factors of 227574?
2, 3, 47, 269
What are the prime factors of 3091899?
3, 149, 6917
List the prime factors of 3617425.
5, 7, 2953
List the prime factors of 215664.
2, 3, 4493
List the prime factors of 1419581.
977, 1453
What are the prime factors of 263415?
3, 5, 17, 1033
List the prime factors of 12807711.
3, 7, 23, 8839
What are the prime factors of 169914?
2, 3, 28319
List the prime factors of 1795830.
2, 3, 5, 31, 1931
What are the prime factors of 215030?
2, 5, 21503
What are the prime factors of 4166569?
11, 378779
List the prime factors of 405853.
7, 37, 1567
What are the prime factors of 3483612?
2, 3, 11, 19, 463
List the prime factors of 116199.
3, 12911
What are the prime factors of 1003402?
2, 501701
List the prime factors of 111990.
2, 3, 5, 3733
List the prime factors of 363962.
2, 181981
List the prime factors of 6402968.
2, 11, 13, 29, 193
What are the prime factors of 68191?
19, 37, 97
List the prime factors of 3802670.
2, 5, 380267
What are the prime factors of 62448?
2, 3, 1301
List the prime factors of 5942922.
2, 3, 990487
What are the prime factors of 329459?
13, 25343
List the prime factors of 697004.
2, 7, 11, 31, 73
List the prime factors of 368456.
2, 11, 53, 79
List the prime factors of 150584.
2, 7, 2689
What are the prime factors of 5758534?
2, 47, 61261
What are the prime factors of 2206549?
17, 31, 53, 79
List the prime factors of 2470032.
2, 3, 17, 1009
List the prime factors of 12602895.
3, 5, 31, 27103
What are the prime factors of 10072469?
11, 181, 5059
What are the prime factors of 62475?
3, 5, 7, 17
What are the prime factors of 1437480?
2, 3, 5, 11
What are the prime factors of 535229?
535229
List the prime factors of 261015.
3, 5, 17401
What are the prime factors of 20122191?
3, 37, 60427
What are the prime factors of 96525?
3, 5, 11, 13
What are the prime factors of 575342?
2, 287671
What are the prime factors of 2524136?
2, 315517
What are the prime factors of 6874508?
2, 29, 59263
What are the prime factors of 34952?
2, 17, 257
What are the prime factors of 6357616?
2, 397351
What are the prime factors of 10425486?
2, 3, 23, 31, 2437
What are the prime factors of 11452374?
2, 3, 212081
List the prime factors of 328095.
3, 5, 23, 317
List the prime factors of 863933.
7, 123419
What are the prime factors of 726587?
599, 1213
List the prime factors of 11989063.
17, 821, 859
List the prime factors of 807651.
3, 13, 59
What are the prime factors of 1777534?
2, 11, 43, 1879
List the prime factors of 135735.
3, 5, 9049
What are the prime factors of 367036?
2, 89, 1031
List the prime factors of 118688.
2, 3709
What are the prime factors of 211808?
2, 6619
List the prime factors of 439212.
2, 3, 17, 2153
List the prime factors of 186401.
53, 3517
List the prime factors of 383381.
107, 3583
List the prime factors of 2851390.
2, 5, 285139
List the prime factors of 160649.
160649
What are the prime factors of 1620364?
2, 405091
What are the prime factors of 260047?
260047
What are the prime factors of 386097?
3, 41, 43, 73
List the prime factors of 454631.
17, 47, 569
List the prime factors of 1702228.
2, 11, 3517
What are the prime factors of 27935?
5, 37, 151
What are the prime factors of 11077642?
2, 17, 325813
List the prime factors of 602456.
2, 75307